13*l = -34. Is l*4/4 - -1819 prime?
False
Let n(x) = -2*x**2 + 26*x - 17. Let v be n(12). Suppose 2*j - v*j + 3219 = 2*p, 0 = p - 2*j - 1587. Is p a prime number?
True
Suppose 0 = l + 5*c - 13, 2*c + 2 = 3*l - 3. Is ((-113648)/2)/4*l/(-6) a composite number?
False
Suppose 0 = -f - 4*a + 830045, -a = 21*f - 26*f + 4150414. Is f a prime number?
False
Let a be 1/((-12)/(-16)) + (-8)/(-12). Suppose -a*f + w = -13, 0 = -2*f + 3*f - 4*w - 17. Suppose 0*c + f*c - 6021 = -m, 4*m + 6041 = 5*c. Is c a prime number?
False
Suppose -5*g = -8*g + 60. Suppose 0 = 4*y + 92 + g. Let i = y - -83. Is i a composite number?
True
Let w(c) = -11*c**2 + 4*c - 6. Let f be w(4). Let n be (30/45)/(4/(-84)). Is f/(-1)*(-49)/n a prime number?
False
Let h(b) = b**3 + 6*b**2 - 24*b - 57. Let d be h(-6). Let a be 3*(-1 - 1/(-3)). Is ((a - d)*17)/(-1) a prime number?
False
Suppose -10 = n + 26. Let u = n - -38. Suppose -2*t + 162 = 2*w, 2*w - 5*w + u*t = -268. Is w a composite number?
True
Let p(i) = 47*i**3 + 5*i**2 - 8*i - 9. Is p(7) composite?
False
Suppose 0 = 12*n - 81 - 363. Suppose -25*c - 9444 = -n*c. Is c prime?
True
Let g(k) be the first derivative of k**6/180 - k**5/40 - k**4/6 - 6*k**3 + 26. Let n(c) be the third derivative of g(c). Is n(5) prime?
True
Let n be ((-2)/(-8)*-5)/(3/(-12)). Suppose 4*x = -n*u + 7381, u = -3*x + 704 + 781. Is u a prime number?
False
Let y be ((-6)/(-4))/((-63)/(-1096872)). Let m = 109 - 98. Suppose -y = -m*d + 10767. Is d a composite number?
True
Let d = 26346 - 43462. Let g = -6207 - d. Is g composite?
False
Suppose 11*p - 16*p + 2*l = -138163, 2*l = 3*p - 82901. Is p a composite number?
False
Let x(k) = -k**3 - 2*k**2 + 5*k - 7. Let i be x(-4). Suppose -5*o - i*n + 4445 = 0, n + 2431 + 252 = 3*o. Let a = 2800 - o. Is a a composite number?
False
Let g = 416 + -414. Suppose s - l = 6300, 5*l + 7 = g. Is s a composite number?
False
Let l be 4/(-5)*5*1. Let i(g) be the third derivative of -41*g**4/8 - 5*g**3/6 + 1435*g**2. Is i(l) composite?
False
Suppose -4*m = 2*i - 14494, 3*m - 14076 = 3*i - 35790. Suppose 33*n + i = 34*n. Is n composite?
True
Let b = -26309 - -756748. Is b a prime number?
False
Let z = -33 - -35. Suppose 10 = z*j + 6. Suppose -109 = -3*q - j*d, -d + 26 + 47 = 2*q. Is q composite?
False
Suppose 3*f + 4 = 16. Suppose -3*c = b - 2114 - 1724, f*b + 3*c = 15379. Is b a prime number?
True
Suppose 2*l + 3*q = 118003, -56808 = -4*l - 5*q + 179199. Is l a prime number?
False
Let g = -4705 + 13228. Suppose 5*o - g = -2*k, -8*o + 3*o = 25. Is k a composite number?
True
Let o = -604 - -1433. Suppose -o + 6668 = n. Is n composite?
False
Let u(f) be the third derivative of 2*f**5/15 + 11*f**4/6 - 41*f**3/6 + 141*f**2. Is u(-24) prime?
True
Let l be 2/1 - (-7)/(35/(-203790)). Let u = l + 57594. Is u prime?
False
Let k = 115 - 107. Suppose 4*y + k*y = 0. Suppose -v + 5*o + 1928 = y, 0 = 4*v + v + 5*o - 9490. Is v a composite number?
True
Let h(f) = -f**2 + 2*f + 3. Let z be h(3). Suppose 4*n - l - 1173 = z, -5*l = -3*n - 10*l + 874. Is n prime?
True
Suppose 0*n = -4*n - w + 3960, -5*n + 2*w + 4950 = 0. Suppose -6*y + n = -5646. Suppose -5*t + y = -3*t. Is t prime?
False
Suppose 0 = -106*n - 6754955 + 106044201. Is n a prime number?
False
Suppose 4*a - 88*h + 92*h - 140972 = 0, a = -4*h + 35255. Is a a prime number?
False
Suppose -3*x + 10*y = 5*y - 34, -x + 3*y + 18 = 0. Suppose x*z - 8559 = 4*p, 3*p = -3*z + 10615 - 2035. Is z a prime number?
True
Let z = -113 - -160. Let p = 1401 - 1359. Suppose p*o + 2705 = z*o. Is o composite?
False
Let s(p) = -2 + 9*p + 14 - 7*p. Let d be s(-16). Is (-216)/(-5) + 4/d a prime number?
True
Let g be (0 - -1)/(2 + 4563/(-2277)). Let u = 684 - g. Is u a prime number?
True
Suppose -5*h - 2*v + 17700 = -18475, -v + 28937 = 4*h. Is h a composite number?
True
Let w = 910739 - 540718. Is w composite?
False
Let o be 4/3 + (-7)/21. Let a be (3/6)/(2/(-16)*o). Is (804/18)/(a/(-6)) prime?
True
Suppose -20858 = 5*u + 20*h - 18*h, 4*u = 4*h - 16692. Is 29/(4/(u/(-7))) composite?
True
Let j(o) = o + 16. Let u be j(-12). Suppose -u*v = 2*v - 6486. Suppose 0 = 12*y - 11*y - v. Is y composite?
True
Is (14/(-28))/((-4)/2516296) a prime number?
False
Let v = -67 - -69. Let k be 4657*(v/13 - 11/(-13)). Suppose -4*c = -m + 1422 - 477, k = 5*m - 3*c. Is m a prime number?
True
Suppose -7 = q - 3*x - 2, 0 = 3*q + 3*x - 21. Suppose 3*u = a - 4536, -q*u + 9 - 13 = 0. Is a composite?
True
Let k = -33 + 50. Suppose m + 4*t = -16, 4*m = m + t + k. Suppose -m*q - 61 = -4553. Is q composite?
False
Suppose 3*b + f = 118565, -52*b + f = -48*b - 158096. Is b a prime number?
False
Suppose -93*w + 95*w = 94. Suppose 2 = -q, 7*q - 4*q - w = -b. Is b a prime number?
True
Let x = -317 + 670. Suppose 3*s - 3*n - 3534 = 0, s - 5*n = 813 + x. Is s a prime number?
True
Let s(z) be the first derivative of z**4/4 + 14*z**3/3 + 12*z**2 - 12. Let a be s(-12). Suppose j + a*j = 581. Is j composite?
True
Let j be (-9)/((-45)/10) + 10. Let t(s) = 4*s**2 + 22*s - 53. Is t(j) prime?
True
Let k = -1051 + -1200. Is k*(-3 - (3 + -5)) a composite number?
False
Suppose 0 = 7*m - 2*m + r - 777501, 4*m = 2*r + 622012. Is m prime?
True
Suppose 0 = -o - 20*o + 230454. Suppose -3*m = -3*u + 1149 - o, 3*m + 5*u = 9793. Is m a prime number?
True
Is ((-222)/(-1443))/(4/1642654) a prime number?
True
Let u be -93 + 96 - (0 - 0 - -25955). Let b = u + 38479. Is b prime?
True
Let p(y) = -364102*y**3 + y**2 - 3*y - 3. Is p(-1) prime?
True
Is (-1 + -1)*((-10)/50)/((-4)/(-2985590)) prime?
True
Let l = 52764 + -11041. Is l prime?
False
Suppose -19*a = -11*a + 10632. Let r = 2992 - a. Is r composite?
True
Let h(r) = 14*r - 74. Let c be h(6). Suppose 9578 = 3*b - s, -5*s = -c*b + 7*b + 9562. Is b prime?
False
Let b = 37473 - 29462. Is b composite?
False
Suppose 67*m - 66*m - 35345 = 2*c, 141362 = 4*m - 2*c. Is m a prime number?
True
Let k(q) be the third derivative of 137*q**4/12 + 3*q**3/2 + 4*q**2. Is k(10) a composite number?
False
Suppose 0 = c - 734 - 660. Suppose -c = -h + 5*q, 0*h = 2*h - 5*q - 2793. Is h a prime number?
True
Let o be (-167)/13 - (-32)/(-208). Is (-30821)/o + (-26)/(-169) composite?
False
Let l(u) = -600*u + 377. Is l(-75) prime?
True
Suppose 3*i = 170 - 44. Suppose 2*x + i = -x. Let p(h) = h**2 - 8*h - 15. Is p(x) composite?
False
Let j be ((-3)/(-6) - 3/6)/(-1). Suppose 3*a - r - 160422 = j, 14265 = a - 4*r - 39220. Is a composite?
True
Let z = -526 - -535. Suppose -8*k - 664 = -y - z*k, -4*y = -k - 2681. Is y a composite number?
True
Suppose -3*w - 362621 + 2001128 = 0. Is w a prime number?
False
Suppose -1132 = -6*s - 1108. Suppose s*v + 3*x - 71509 = 0, -v + 4*v = -3*x + 53628. Is v a composite number?
False
Let l(g) = -475*g - 102. Let m be l(-19). Suppose p - 5*h = m, 2*p + 3*h - 11787 = 6059. Is p a composite number?
False
Let z = -4023 - -3674. Let a(s) = 438*s - 4. Let c be a(4). Let g = c + z. Is g a prime number?
True
Suppose b - 1110 = -2*f + 155, -5*b = -5*f + 3170. Suppose 2*y - f = y - 4*m, -2532 = -4*y + 2*m. Is y a prime number?
False
Let m = 16 - 56. Let b = m - -12. Is 3 - (-7)/(b/(-1496)) composite?
True
Suppose 0 = 107*x - 13424351 - 1906702 - 564653. Is x a composite number?
True
Is 1827537/9 - (-5 + 221/39) composite?
True
Let k = 767 + -379. Is (-59)/(2/k*-2) a prime number?
False
Suppose -2*u - 4*u = -18. Is u/(4*(-12)/(-63824)) prime?
True
Suppose -6*y + 10*y = 8. Let k(d) = -260*d + 4*d**2 - 37*d**3 + 261*d - 3 - y*d**2. Is k(-3) a prime number?
False
Let y = -1903 - -2892. Let n = 2020 - y. Is n composite?
False
Let i be (-1)/3*(-3)/(-1). Let m be (-3)/4*(i + -3). Suppose m*h = y + h - 319, -3*y + h = -937. Is y prime?
True
Let d(z) = -77*z + 20. Let k be d(-8). Suppose -3*h - 5067 = -3*l, -3*l = -h - 0*h - 5075. Suppose -3*i + 2*n = -l, -k + 83 = -i - 5*n. Is i composite?
False
Suppose 420*w + 3103561 = 152*w + 10096485. Is w prime?
False
Let j(f) = 18589*f**2 - 2*f - 8. Is j(-1) composite?
False
Suppose -20*o = -19*o. Suppose 7*g - 6082 - 9437 = o. Suppose -v + 1477 - 361 = u, -2*v = -u - g. Is v a prime number?
False
Let g(k) = -7*k + 10 + 3 + 10 + 0 + 57*k**2. Is g(7) prime?
True
Let h be ((-166)/6)/((2/3)/(-2)). Let l be ((-6)/27 - 0) + h/9. Is 165/l - (4/6)/(-1) composite?
False
Is (-4 + 13)*(2816168/9)/8 com